 What is the remainder when 112 is divided by s?
36
What is the remainder when 7320/976*(2 - 0) is divided by 14?
1
Let n(f) = f**3 - f**2 - 22*f + 22. Let p be n(1). Suppose p = -10*u - 12*u + 2112. Calculate the remainder when u is divided by 11.
8
Suppose -2*a - 3*w - 334 = -3*a, -3*a - w = -962. Let u = -265 - -273. Calculate the remainder when 77 is divided by a/u + 2/(-8).
37
Suppose -3*s + 28 = -248. Calculate the remainder when s is divided by (3/4)/(393/8384).
12
Suppose 278*t - 255*t = 12029. What is the remainder when t is divided by 10?
3
Suppose -97*j - o - 66 = -100*j, 5*j - 3*o - 122 = 0. What is the remainder when 6950 is divided by j?
15
Suppose -12*g = -5*g + 4893. Let x = -690 - g. What is the remainder when 24 is divided by x?
6
Let o(n) = -2*n**2 + 78*n - 570. Calculate the remainder when o(28) is divided by 28.
18
Let o = 668 + -242. Suppose 0 = -3*s - 8*j + 3*j + 422, 3*s + 3*j = o. Calculate the remainder when s is divided by 49.
46
Let t be 1/(-2) + 345/2. Let x be (312/(-28))/((-10)/105). Let f = t - x. Calculate the remainder when f is divided by 14.
13
Let o = 489 - 479. Calculate the remainder when (-88)/o*(-100)/8 is divided by 28.
26
Suppose b + 595 - 600 = 0, 3*s + 3*b - 624 = 0. Calculate the remainder when s is divided by 37.
18
Suppose -110*v + 113*v + 5*z = 759, 2*v = 5*z + 456. What is the remainder when v is divided by 111?
21
Calculate the remainder when (-5852)/(-12) - 68/51*2 is divided by 82.
75
Let w = 2474 - 1994. Calculate the remainder when w is divided by 38.
24
Suppose 3*o + 4*q - 272 = 0, 0*o = -3*o + q + 262. What is the remainder when o is divided by 11/((-738)/(-36) - 15)?
0
Suppose 5*q - 57 - 67 = 3*j, 3*q - 54 = -5*j. Suppose -24*f + q*f + 25 = 0. What is the remainder when f is divided by 5?
0
Suppose 12 = -5*z - 4*d + 42, -5*d - 75 = -5*z. Let x = z + 0. Calculate the remainder when (-84)/63 + (-170)/(-6) + 2 is divided by x.
9
Let i(o) = o**3 + 9*o**2 + 9*o + 2. Let s be i(-4). Suppose 0 = -45*m + s*m - 26. Calculate the remainder when 363 is divided by m.
25
Let a(d) = 5*d - 68. Let x be a(19). Suppose -8*v - x = -171. Calculate the remainder when 124 is divided by v.
16
Let l(m) = 58*m**2 + 10*m - 29. Let w be l(-15). Suppose 28*f - 4713 - w = 0. Calculate the remainder when f is divided by 45.
43
Suppose -431 - 263 = -20*b + 226. Calculate the remainder when 1285 is divided by b.
43
Let d(q) = 139*q**3 - 8*q**2 + 23*q - 27. What is the remainder when d(5) is divided by 83?
82
Let x(u) = u**2 - 7*u + 6. Let s = -76 + 91. Calculate the remainder when x(-6) is divided by (s - 18)*58/(-6).
26
Let q = 18 + -4. Let h(f) = -10*f + 128. Let x be h(13). What is the remainder when ((-3)/x)/((-88)/(-1584)) is divided by q?
13
What is the remainder when 1557 is divided by -1 + 72 - (-1218)/174?
75
Suppose -265*m = -3*m - 23318. Calculate the remainder when m is divided by 10.
9
What is the remainder when 8/20 + (-2028)/(-5) is divided by (2/6)/(222/(-333)) - (-25)/2?
10
Let s = 89 + -85. Suppose 24 + s = 2*i. Suppose -28 = -2*o - 2*o. Calculate the remainder when i is divided by o.
0
Let u = -13863 - -13997. Calculate the remainder when 318 is divided by u.
50
Let f = 2321 - 2304. What is the remainder when 662 is divided by f?
16
Let i(n) = -4*n - 25. Let r be i(-6). Calculate the remainder when 41 is divided by (r - (2 - 5))/((-4)/(-14)).
6
What is the remainder when (1 + -96)/(196/(-3136)) is divided by 127?
123
Suppose -10*l = 5503 + 1427. Calculate the remainder when 60 is divided by l/(-15) - (-5)/(-25).
14
Suppose 0 = 5*w + 8 + 102. Let y = w + 25. Suppose c - y = -0*c. What is the remainder when c is divided by 3?
0
Let l(a) = a**2 - 5*a - 13. Let o be l(7). What is the remainder when o*(-3)/12*-164 is divided by 21?
20
Let k(o) = -o**3 + 4*o**2 + 6. Let l be ((-6)/(-3))/(3/6). Let x be k(l). Suppose -x*v - 24 = -90. Calculate the remainder when 21 is divided by v.
10
Let c(w) = 831*w + 2585. What is the remainder when c(-3) is divided by 41?
10
What is the remainder when 3387 is divided by 3*(7 + 168/(-18)) + 1134?
6
Suppose -5*g - 22325 = -5*d, -11*d + 3*d - 3*g + 35709 = 0. What is the remainder when d is divided by 77?
75
Let n(h) = h**2 + 6*h - 23. Suppose -4*f - 3*x - 12 - 8 = 0, 2*f = -4*x - 20. What is the remainder when (-12 + (-1 - 1))*7/f is divided by n(-10)?
15
Let l(o) = -3*o**3 - 65*o**2 - 110*o + 62. What is the remainder when 2353 is divided by l(-20)?
257
Let n be (6/4)/((-3)/(-8)). Suppose -7 - 13 = -n*k. Suppose 0 = -2*y + 5*d + 68, -2*d = -0*y - k*y + 128. What is the remainder when 47 is divided by y?
23
Let o(i) = -13*i - 2. Let b be o(-13). Suppose -b = -6*a + 55. Calculate the remainder when 144 is divided by a.
33
Let g = 36 - 22. Calculate the remainder when 2 + (-32 - (-85 + 33)) is divided by g.
8
Suppose 7*z = -13*v + 10*z + 16278, -2*v - z + 2516 = 0. Calculate the remainder when v is divided by 63.
57
Suppose k = -2, 0 = -2*g - 2*k - k. Suppose -4*h = -g*r - 3*h + 59, -r + 18 = -2*h. What is the remainder when 77 is divided by r?
17
Let m(d) = 134*d**3 - 4*d**2 - 10*d + 5. Let o(w) = -135*w**3 + 3*w**2 + 9*w - 3. Let j(k) = 4*m(k) + 5*o(k). What is the remainder when j(-1) is divided by 12?
6
Let g be 4/((-32)/(-56))*23. Let m = 228 - g. Calculate the remainder when m is divided by 34.
33
Let d = -1734 - -1739. Calculate the remainder when 934 is divided by d.
4
What is the remainder when 519 is divided by (15/(-2))/(-31 - (-9579)/310)?
69
Suppose -4*q - 14*j - 1390 = -16*j, 9 = -3*j. Let d = -304 - q. Calculate the remainder when d is divided by 26.
19
Let v(y) = 2411*y - 4722. Suppose -r + 4 = 0, 5*r + 364 = 5*c + 119. Calculate the remainder when v(2) is divided by c.
47
Let d = -145 + 127. Let v = d + 24. Calculate the remainder when 28 is divided by v.
4
Suppose t - 52 + 11 = 0. Let u(q) = 5*q**2 - 2*q - 6. Let n be u(4). Suppose 0 = r - 229 + n. What is the remainder when r is divided by t?
40
Suppose 4 = 5*s + 29, s - 17 = -b. Let q(x) be the third derivative of x**4/4 + 10*x**3/3 - 19*x**2 + 1. Calculate the remainder when b is divided by q(-1).
8
Let d be -2 - (11/(-33) - (-76)/(-6)). Suppose 48*u - 49*u = -d. Calculate the remainder when 25 is divided by u.
3
Let s(p) = 238*p + 3427. Let z(c) = 6*c**2 - c + 2. Let w = 2 - 0. Calculate the remainder when s(-14) is divided by z(w).
23
Let q = -19 + 73. Let a(t) = 22*t**3 + 2*t**2 + 7*t - 32. Let l be a(3). Let i = l - 587. Calculate the remainder when q is divided by i.
12
Let s(z) = z**2 + 11*z + 2. Let x = -57 - 25. Let a = x + 71. Calculate the remainder when s(a) is divided by 1.
0
Calculate the remainder when 334 is divided by 276/(-20)*270/(-162).
12
Let v(w) be the third derivative of 7*w**4/24 + 20*w**3/3 - 61*w**2. Calculate the remainder when 71 is divided by v(-4).
11
Let o(z) = -2*z**3 + 2*z**2 - 26*z - 18. Let j be 2*14*(-8)/32. What is the remainder when o(j) is divided by 25?
23
Let c(v) = -v**2 + 10 + 0 - 6*v - v. Let t(w) = w**2 + 320*w - 3990. Let k be t(12). What is the remainder when 79 is divided by c(k)?
15
Let f(p) = 50*p**2 + 43*p - 260. Calculate the remainder when f(5) is divided by 93.
89
Let l = -1978 + 3101. Calculate the remainder when l is divided by 27.
16
Suppose -4*k + 690 = -2*k. What is the remainder when -2*k/50*(2 + -7) is divided by 10?
9
Let w(f) = -7*f - 2. Let g = 91 - 87. Suppose -22 = -g*c - 2*o, 0*c + 5*o = -c - 17. Calculate the remainder when c is divided by w(-1).
3
Let r be ((-18)/(-5))/(8 - (-13689)/(-1710)). Let p be 14/(-5) + 2 + r/45. Let f = -13 - p. What is the remainder when 8 is divided by f?
2
Suppose y - 5*a = 4, -5*y - 3*a + 74 = -a. Let k be 2*9/6*8/(-12). What is the remainder when 3 + 1 + k - (-66)/1 is divided by y?
12
Suppose -215*i + 221*i - 174 = 0. Let x(g) = g**3 - 31*g**2 + 61*g - 30. What is the remainder when x(i) is divided by 5?
2
Let k(x) = 4*x**2 - 2. Let m be k(-1). Suppose m = 2*q + 26. Calculate the remainder when (1*(-126)/q)/((-1)/(-2)) is divided by 4.
1
Let h = -171 + 171. Suppose h = 18*k - 15*k - 303. Calculate the remainder when k is divided by 22.
13
Suppose -127*z + 245*z = 1163480. What is the remainder when z is divided by 24?
20
Let d be 9*((-10)/(-24))/(4/16). Suppose d*z - 476 = -176. Calculate the rema